 remainder when i is divided by 21.
19
Let n = -17 + 37. Suppose -b + 9 = k, -5*k + 5 + n = b. Suppose 54 = -2*v + b*v. What is the remainder when v is divided by 10?
8
Suppose -3*h + 415 = 5*s, 4*h + 229 + 20 = 3*s. Suppose 0 = -3*p + 42. What is the remainder when s is divided by p?
13
Let m be 8/(-5 - -1) + 4. Suppose 2*t - 8 = -m*t. What is the remainder when 11 is divided by (-93)/(-33) - t/(-11)?
2
Suppose -o + 34 = -3*r - 35, 2*o = 4*r + 134. Suppose 1364 - 330 = 47*s. Calculate the remainder when o is divided by s.
19
Suppose -2*t = b - 1, -t - 5*b - 5 = 4*t. Suppose 4*h + 2*o = 106, -t*h - 5*o + 13 = -28. Calculate the remainder when 167 is divided by h.
27
Let y(l) = -l**3 + 6*l**2 - 7*l - 3. Let g be y(3). Suppose 37 = g*t - 14. Calculate the remainder when 31 is divided by t.
14
Let l = -1063 - -1494. What is the remainder when l is divided by 24?
23
Let y = 33 + -28. Suppose -4*i = a - 7*i - 24, -15 = -y*i. What is the remainder when a is divided by 166/18 + (-2)/9?
6
Let z(s) = -2*s + 28. Let b be z(13). Suppose -17 = -4*p - b*u + 11, 47 = 3*p - 5*u. Calculate the remainder when p is divided by 4.
1
Let p(n) = n**2 + 9*n + 9. Let k be p(-8). Let z = 108 + -47. Suppose f = -k + z. Calculate the remainder when f is divided by 21.
18
Suppose j = 599 + 96. Suppose j = 3*t - n, -t + n = 5*n - 236. What is the remainder when t is divided by 47?
44
Let o(f) = 11*f - 4. Let m = -9 + 98. What is the remainder when m is divided by o(2)?
17
Let j(r) = r**2 + 2*r + 1. Calculate the remainder when j(4) is divided by (-21200)/(-2332) + 1/(-11).
7
Suppose -5*d - 990 = -15*d. Calculate the remainder when d is divided by 3.
0
Let m(h) = h**2 - h - 3. Calculate the remainder when m(-3) is divided by (-89)/445 - (1 + (-26)/5).
1
Calculate the remainder when (-52)/286 - (-299)/11 is divided by 14.
13
Suppose 0 = -60*a + 31755 + 18105. Calculate the remainder when a is divided by 16.
15
Let l = 548 - 518. What is the remainder when 142 is divided by l?
22
Suppose 2*h - 1 + 13 = 0. Let i(r) = -9*r - 6. Calculate the remainder when i(h) is divided by 17.
14
Suppose 2*w + w - 51 = 0. Suppose 5*n - 5*b = 25, 6*n - n = 2*b + 37. What is the remainder when w is divided by n?
8
Suppose -116 = -5*l + 3*n, -n + 2*n = -l + 28. Suppose 5*m - 19 = 1. Suppose 5*u - 479 = -t, m*u + t = 3*t + 386. What is the remainder when u is divided by l?
21
Let m(l) = 7*l**2 + 6*l - 3. Let x be m(2). Let d = x - 21. What is the remainder when 95 is divided by d?
15
Suppose -2*n = 2*b + 122, 4 = n - 5*b + 77. Calculate the remainder when 242/3 - 84/n is divided by 17.
14
Let z(j) = j**2 - 2*j - 9. Let h be z(6). Suppose -h = -2*f + 3. What is the remainder when f is divided by 5?
4
Suppose -2*o + o - 3 = n, -5*o = -2*n + 29. Let s = 15 - n. What is the remainder when s is divided by 3?
1
Suppose 4*z - 13 - 11 = -4*w, -z = -2*w - 6. Let c(x) = -4*x**3 - 6*x**2 - 9*x - 4. Calculate the remainder when c(-2) is divided by z.
4
Let q(j) = 55*j - 27. What is the remainder when q(7) is divided by 18?
16
Calculate the remainder when 142 is divided by (-2)/9 + (-3987)/324*-4.
44
Suppose -245 = 313*y - 318*y. Calculate the remainder when y is divided by 18.
13
Let n = -96 - -156. Let s = n + -49. What is the remainder when 38 is divided by s?
5
Let q(w) = 4*w**2 + 0*w**2 + 3*w + 3 + 5 + 8*w. What is the remainder when q(-7) is divided by 43?
41
Calculate the remainder when 294 - (-27)/(-10 - -7) is divided by 97.
91
Let i(w) = 8*w**2 + 34*w - 18. Calculate the remainder when i(-11) is divided by 99.
81
Let l = 1576 - 1562. Calculate the remainder when 1566 is divided by l.
12
Suppose x - 16 = 17. Let w = 68 + -66. Suppose -w*i + 4*s + 23 = -259, -s - 660 = -5*i. Calculate the remainder when i is divided by x.
32
Let f(m) = 6*m - 22 + 3*m - m + 28. Suppose 2*g - 63 = -15. What is the remainder when f(5) is divided by g?
22
Suppose 0 = -5*s + 448 - 133. Let h = -82 - -95. What is the remainder when s is divided by h?
11
Let s be (0 - -1)*(0 - 0). Suppose -5*u - 5*c - 5 = s, 13 = -4*c - 7. Suppose -u*k - 35 = -123. Calculate the remainder when 109 is divided by k.
21
Suppose 0 = 36*l - 33*l - 12, -3*l = -2*d - 2. What is the remainder when 46 is divided by d?
1
Let o = 1 + 74. Suppose 5*x = 20 + o. Let p(m) = m**3 + 6*m**2 - 10*m - 1. Calculate the remainder when p(-5) is divided by x.
17
Let k = -17 - -22. Suppose 4*h - 2923 = 5*t + 1327, k*h = 25. Calculate the remainder when 1/3 + t/(-54) is divided by 9.
7
Suppose 0 = -12*r + 6*r. Suppose 3*z - v + 0*v - 41 = 0, r = -v + 1. Suppose y - 27 = -3*c, -20 = -y + 5*c + 39. What is the remainder when y is divided by z?
11
Suppose -5*b + 20 = 2*s, -2*s = -3*s + 5. Let p(h) = 4*h**2 + 2*h - h - 4*h**2 + h**3. Calculate the remainder when 28 is divided by p(b).
8
Let u be 30*(-2)/(-1) + 0. Suppose 3*k - 5*y = u, 6*k = 3*k - 5*y + 30. Let r = 140 - 113. Calculate the remainder when r is divided by k.
12
Suppose -6*o + 118 + 62 = 0. Calculate the remainder when 85 is divided by o.
25
Suppose 2 = x - 11. Let d = -46 + 70. What is the remainder when d is divided by x?
11
Let s(u) = -u**3 - 8*u**2 + 8*u + 10. Suppose 0 = -4*z + n + 279, 2*n - 36 = 5*z - 384. Calculate the remainder when z is divided by s(-9).
13
Let i(g) = 3*g**2 + 4 + 18*g + 0*g**3 - 3*g**3 + 4*g**3 - 23*g. Let n(k) = -k**3 + 9*k**2 - 8*k - 9. What is the remainder when i(4) is divided by n(7)?
30
Suppose 98*x - 93*x - 95 = 0. Calculate the remainder when 37 is divided by x.
18
What is the remainder when 54 is divided by 3/(-2)*44/(-6)?
10
Let h(q) = 2*q**2 - 30*q + 11. Let v be h(15). Suppose f - 5*k + v = 2, -2*f + 3*k = -3. Calculate the remainder when 11 is divided by f.
5
Let i = -10399 - -10428. Suppose 5*v = 2*v + 33. Calculate the remainder when i is divided by v.
7
Let b(w) = -39*w - 5. Let d be b(-2). Let q = 105 - d. Suppose -2*m + 101 + 23 = 0. Calculate the remainder when m is divided by q.
30
Let a = 4232 - 4222. Let m(d) = 194*d. Let q be m(1). Suppose -18 = -2*w - n + 56, 0 = 5*w - 2*n - q. What is the remainder when w is divided by a?
8
Calculate the remainder when 169 is divided by (-92)/(-4) + (-2 + 14)/(-3).
17
Let d = 17 - 15. Suppose 0 = -d*i + i - 5, -i = 3*o - 67. What is the remainder when o is divided by (9/2)/(2/4)?
6
Suppose -4*k = 40 - 12. Let n = k + 47. Calculate the remainder when n is divided by 7.
5
What is the remainder when (-4)/9 - 14144/(-153) is divided by 38?
16
Suppose z + 4*h = 15, 2*z - 31 + 1 = 5*h. What is the remainder when 26 is divided by z?
11
Suppose 2*x - 250 = -2*v, 5*v + 3*x = 4*v + 129. What is the remainder when v is divided by 25?
23
Let l(x) = 100*x**2 + x + 1. Calculate the remainder when l(-1) is divided by 51.
49
Let j be 88/6*(-3)/2. Suppose 2*g = -a + 2*a - 78, -3*g - 3*a = 117. Let i = j - g. Calculate the remainder when i is divided by 6.
5
Let a be (-3)/(-3*3/57) - -3. Let x = a - 6. Calculate the remainder when 58 is divided by x.
10
Let s(i) = 2*i + 18. Let c be s(6). Let r(f) = 2*f**2 - 2*f - 8. Let u be r(6). Suppose -u = -2*o + c. Calculate the remainder when o is divided by 14.
13
Let f = -1136 - -1284. What is the remainder when f is divided by 14?
8
Suppose 5*v - 104 = -4. Let j = 1115 + -1058. What is the remainder when j is divided by v?
17
Suppose 0 = -2*a - 2*d + 22, -3*d - d = -16. Suppose a*x - 3*x - v = 71, 3*x = 4*v + 37. Calculate the remainder when 36 is divided by x.
17
Calculate the remainder when 2 + (0 + -14)*-19 is divided by 54.
52
Let o(l) = 12*l - 4. Let i(p) = -11*p + 5. Let r(v) = 3*i(v) + 4*o(v). Let q be r(-1). Let s = q - -45. What is the remainder when 57 is divided by s?
28
Let c(o) = 32*o + 306. Calculate the remainder when 50 is divided by c(-9).
14
Let a = 24 + -7. Suppose -2*g = -2*r - 130, 4 = -3*g - 2*r + 199. What is the remainder when g is divided by a?
14
Let r = 7 + -5. Suppose -2*g - r*g + 188 = 0. Calculate the remainder when 92 is divided by g.
45
Suppose -2*m = 4*s, -m + 0*s = -3*s. Calculate the remainder when 23 is divided by m - -4 - 7 - (-9)/1.
5
Let c be 18 - 8/(1 + 1). Let v(o) = o**2 - 12*o - 6. What is the remainder when v(c) is divided by 8?
6
Let z(a) = -a**2 - 13*a - 31. Suppose -h - 5*s = -16, -6*s + 19 = h - 4*s. Calculate the remainder when h is divided b